 -434 - -592. Let n = 1218 - q. What is the units digit of n?
0
Suppose 30*x + 4*f = 35*x - 57620, -2*f = -2*x + 23050. What is the ten thousands digit of x?
1
Let i(a) be the second derivative of a**5/20 + 5*a**4/12 + 7*a**3/6 - 3*a. Let m be i(-8). Let q = -148 - m. What is the tens digit of q?
0
Suppose 0 = m + 3, 5*l + 7*m = 5*m - 21. Let a be (l/(-5))/((-8)/(-4120)). Let h = -140 + a. What is the units digit of h?
9
Let k = 137 + -106. Suppose 5*n + 4*h + 10 = 0, -12*h - k = -3*n - 7*h. Suppose 2*o = n*r - 202, 6*r - 3*r + 3*o - 291 = 0. What is the units digit of r?
9
Let u = 122 + -125. What is the units digit of 204 + (-3 - u)/3?
4
Let q = -3483 - -3945. What is the units digit of q?
2
Let j(k) = -431*k**3 + 9*k**2 + 9*k. What is the hundreds digit of j(-1)?
4
Let l(t) = 21*t - 140. Let i(w) = 63*w - 421. Let h(f) = -4*i(f) + 11*l(f). What is the tens digit of h(-15)?
5
Let a be 1 + 54/(-10) + (-6)/(-15). What is the units digit of (6/a)/(-4*(-9)/(-168))?
7
Let o = 9031 - 3763. What is the thousands digit of o?
5
Let p be 27/6*(-12)/9. Let c = p - -2. What is the tens digit of c/(-1) - (-2 - 30)?
3
Let r(j) = 9*j - 26*j - 73 + j. What is the units digit of r(-24)?
1
Suppose -2054 = -5*a + 4*j, -3*a - 26*j = -22*j - 1194. What is the tens digit of a?
0
Let z(h) = -2 + 2*h**3 - 2*h**2 + h + 6*h + 5 - 4*h**2. Let t = 1837 - 1832. What is the units digit of z(t)?
8
Let z = -75 - -79. Suppose -k - 15 = -5*s, -z*k + 24 = -5*k - 4*s. Let m(y) = -12*y - 38. What is the hundreds digit of m(k)?
2
Suppose 2*h = -4*o - 0*h + 16, 12 = 3*o + 3*h. Suppose -2*f = 10, -f + 2*f + 49 = -o*p. Let n(t) = t**2 + 7*t + 18. What is the units digit of n(p)?
2
Let d = -24478 + 42243. What is the units digit of d?
5
What is the units digit of (-285)/133*479843/(-39)?
5
Let d(n) = -142*n - 262. What is the units digit of d(-17)?
2
Let g(f) = -2*f**2 - 91*f + 50. Suppose 4*w - 2*a = -126, -4*w - 188 = 2*a - 42. What is the tens digit of g(w)?
3
Suppose 2*g + 324 = 5*g. Let w = 2805 + -2803. Suppose -f = -0*f + w*p - g, 4*f - 4*p = 468. What is the tens digit of f?
1
Let f = 243 + -375. Let v = 382 - f. Suppose -130 = 8*a - v. What is the units digit of a?
8
Let i = 11 - 7. Let h be 1 + 14/(-8) - 1617/i. Let l = -223 - h. What is the tens digit of l?
8
Let s(c) = -3*c - 20. Let d be s(-8). Suppose 0*n = 4*f - d*n - 2200, -4*n = 5*f - 2723. What is the units digit of f?
7
Suppose 14*r = -355 + 3878 + 5185. What is the hundreds digit of r?
6
Suppose 0*x - 5*x = -2110. Suppose 5*q + x = 2492. What is the tens digit of q?
1
Let l be (-10)/(-125)*-5*6*5. What is the hundreds digit of (1000/(-18) - 54/(-243))*l?
6
Let f be 2*4/24*9. Suppose -f*x = x. Suppose -l = 4*u - 248, x = 4*u - 3*l + l - 260. What is the tens digit of u?
6
Let u = 403 + -403. Suppose 4*y - 16 = u, 12*y - 16*y + 1120 = 4*m. What is the tens digit of m?
7
Let i = -13368 + 29570. What is the thousands digit of i?
6
Suppose o + 2*x = 44123, 0 = 36*o - 39*o - 4*x + 132357. What is the units digit of o?
1
Let x(t) = -16*t**3 + 57*t**2 + 341*t - 20. What is the tens digit of x(-7)?
7
Suppose 3*d - 18 - 2 = -4*w, -4*d - 15 = -3*w. Let c be (d - 126)*4/(-6). What is the units digit of c/(-18)*(-1)/(4/54)?
3
Suppose -n + i = -4404, 2*i - 3249 - 5579 = -2*n. What is the tens digit of n?
0
Let q = -129 + 530. Let f = 302 + q. What is the hundreds digit of f?
7
Suppose -980*k = -1003*k + 1166123. What is the hundreds digit of k?
7
Let y(t) = 3 + 229*t**3 - 237*t**3 + 7*t + 3. What is the units digit of y(-1)?
7
Let i(l) = l**3 + 13*l**2 + 2. Let o(v) = -v**3 + 11*v**2 - v - 2. Let k be o(11). Let r be i(k). What is the units digit of 4/12*r*39?
6
What is the units digit of ((-1226)/(-9))/(75/675)?
6
Let p = 59 - -16. Let o(f) = 5*f - 2. Let z be o(2). What is the units digit of (z/5)/(6/p)?
0
Let m = -85 - -93. Suppose 3261 = m*r + 1037. What is the units digit of r?
8
Suppose 0 = 4*v - 20, -4*w + 7*w - 5*v = 66335. What is the units digit of w?
0
Suppose 15*m = 19*m - 20. Suppose 36 = -m*x + 31. Let r(c) = -196*c**3 - c. What is the units digit of r(x)?
7
Suppose -35093 = -3*a + 4*m, 4*a - 10*m - 46784 = -6*m. What is the ten thousands digit of a?
1
Let g = -3614 + 7263. What is the units digit of g?
9
Let m be 115/30 - (-3)/18. Suppose f + 145 = v, -220 = -2*v - m*f + 76. What is the hundreds digit of v?
1
What is the units digit of 6*4592/(-24)*(2/8)/(-1)?
7
Let a(n) = n**3 + 10*n**2 + 5*n - 3. Let t be -3 - (1*2 - 98/14). Suppose -3*d + y - 17 = 0, 0*d - 18 = t*d - 4*y. What is the tens digit of a(d)?
9
Suppose 20 + 100 = 4*x. Let u = x - 22. Suppose -v - 4*j + 148 = 3*v, -4*j = u. What is the units digit of v?
9
Let t(c) = 19 + 6*c**3 - 24*c**2 - 12*c + 9*c + 8*c - 24*c**2. What is the units digit of t(8)?
9
Let m(g) = g**3 + 13*g**2 + 100*g - 26. What is the hundreds digit of m(15)?
7
Suppose 4*w + 11*w + 10*w = 0. Suppose w*p = p + 4*b - 1382, -3*p = -5*b - 4146. What is the hundreds digit of p?
3
Let k = 17691 + -2595. What is the hundreds digit of k?
0
Let r(v) = -6*v + 20. Let k be r(-16). Suppose 0 = 13*u - k - 14. What is the hundreds digit of 2194/u - 4/10?
2
Let s = 493 - 507. What is the units digit of (-6)/21 + (-2 - 3546/s)?
1
Let o = 92 + -92. Suppose 5*u = 4*d - 3, o = 3*d + 12*u - 9*u - 9. Suppose -3 = -l, 0 = 3*p + d*l - 110 - 172. What is the units digit of p?
2
Let n(g) = -260*g + 1124. What is the tens digit of n(-31)?
8
What is the thousands digit of -3*((-318372)/180 - 1/(-10)*4)?
5
Suppose 2*d - x - 892 = 2*x, -5*d + 3*x + 2230 = 0. Suppose 2*j - 1204 + 68 = -5*t, -2*t - 5*j + d = 0. What is the tens digit of t?
2
Let a be (2 - -459) + 4 - 6. Suppose a = 6*t - 3*t. What is the tens digit of t?
5
Let n(j) = -17*j**2 + 6*j + 7. Let a be n(-4). Let u = a - -561. What is the units digit of u?
2
What is the units digit of (-23080)/(-6)*((-352)/220 + 8/2)?
2
Let p(d) = d**2 + 5*d + 6. Let z be p(-6). Suppose -7*o - 80 = 340. Let h = z - o. What is the tens digit of h?
7
Let b(n) = -167*n + 1080. What is the hundreds digit of b(-10)?
7
Let o(w) = -20*w**3 - 6*w**2 - 46*w - 25. What is the units digit of o(-8)?
9
Let y = -216 - -237. Suppose -y*q + 2780 = -7111. What is the hundreds digit of q?
4
Let j(z) = -3388*z - 385. What is the ten thousands digit of j(-7)?
2
Let x be ((-27)/(189/28))/2. Let k(o) be the first derivative of -53*o**2/2 - 9*o - 2. What is the units digit of k(x)?
7
Let v = 396 + -1072. Let l = v + 988. What is the hundreds digit of l?
3
Let b(g) = -6*g**3 + 4*g**2 - g - 7. Let f be b(10). Let d be -2 - f/4 - 2/8. What is the units digit of d/7 + 15/((-630)/12)?
0
Let s = 1137 - -49. What is the thousands digit of s?
1
Let d = 25 + -6. Suppose -4*r + b + d = 0, -4*r + 1 = -4*b - 3. Suppose -685 = -5*y - 3*z, r*z = -2*y + 3*z + 274. What is the tens digit of y?
3
Let k(m) = m**2 - 75*m - 1117. What is the hundreds digit of k(-69)?
8
Suppose 1194*n + 91118 = 1252*n. What is the thousands digit of n?
1
Let b be 6/15 + 387/45. Suppose 25 - b = 2*d. What is the units digit of d?
8
Let h be 4/28 - 13905/21. Let u = h - -1344. What is the units digit of u?
2
What is the tens digit of ((26 - -2590)/6)/((-1)/(-4))?
4
Let k be 8*2/(-104) + 48/(-26). Let v(j) = -84*j - 14. What is the units digit of v(k)?
4
Let x be (-2726)/(-376) - (-6)/8. Suppose -4*l = -2*n - 2584, 13*l - 3230 = x*l + 4*n. What is the units digit of l?
6
Let i(c) = -c - 7. Let o be i(11). Let d(k) be the third derivative of k**5/60 + 5*k**4/8 - 7*k**3/6 - 4*k**2. What is the units digit of d(o)?
7
Let l = -3 - 6. Let u(c) = -c**2 - 13*c + 9. Let q(g) = -g**2 - 13*g + 10. Let z(y) = -2*q(y) + 3*u(y). What is the tens digit of z(l)?
4
Suppose -4*x = -586*s + 581*s + 10651, 0 = s - 2*x - 2123. What is the thousands digit of s?
2
Let p = -1 + 58. Let d = -53 + p. Suppose -2*w + 4*s = 2*s - 132, d*w - 3*s - 268 = 0. What is the units digit of w?
0
Let j = -80 + 313. Let s = 392 + j. What is the hundreds digit of s?
6
Let t be -2 - -1 - 13/(-13). Suppose -5*l + z - 4*z + 120 = t, 109 = 4*l + 5*z. What is the tens digit of l?
2
Let t = -79 + 81. Suppose t*v = 6*c - c - 166, -c + v + 35 = 0. What is the tens digit of c?
3
Let b(s) = -s**3 - 16*s**2 - 10*s - 29. Let n be b(-15). Let l = n + 367. What is the tens digit 